tors of x.
3, 41
Suppose -163*r - 511737 = -2554245 - 4007563. List the prime factors of r.
37117
Let x(h) = -3*h**3 + 24*h**2 + 191*h + 4992. List the prime factors of x(-24).
2, 3, 11, 211
Let q = -22 + 2374. Let w = q - 1644. What are the prime factors of w?
2, 3, 59
Suppose -11920 = -5*h - 4830. What are the prime factors of h?
2, 709
What are the prime factors of 2/(-3)*(-81)/54 + 1 + 18025?
3, 2003
Suppose 2*c = -3*c + 5*y + 18605, 0 = -13*c + y + 48445. List the prime factors of c.
3727
Let v(m) = 56*m**2 - m. Let f be v(-1). Suppose -30*x + 2484 = -12*x. Let u = x - f. List the prime factors of u.
3
Let y = -1838 + 19354. What are the prime factors of y?
2, 29, 151
Let r(t) = -3*t - 57. Let l be r(-25). What are the prime factors of (-517)/99 + 5 - (-4504)/l?
2, 5
Suppose -4*k - k = -20. Suppose -k*z + 307 = -3*g, 2*g - 322 = -3*z - z. Suppose -5*t = z - 429. What are the prime factors of t?
2, 5, 7
Let f = 45960 + -21859. List the prime factors of f.
7, 11, 313
Let d = 252 + -256. List the prime factors of 764*(-5)/d*(-13)/(-65).
191
Let t(k) = k**3 - 2*k**2 + 24*k + 16928. List the prime factors of t(0).
2, 23
Suppose 0 = 24*h - 27*h + 120. Suppose -43*k + 3696 = -h*k. List the prime factors of k.
2, 7, 11
Let l be 0/(8/(-12)*-3). Suppose l = 5*i - 2042 + 602. Suppose -59*a + 62*a = i. What are the prime factors of a?
2, 3
Let t(x) be the second derivative of -5*x**2 + 0 + 1/12*x**4 + 35*x - 1/2*x**3. What are the prime factors of t(-7)?
2, 3, 5
Suppose 9*g = 12*g + 28*g - 998045. List the prime factors of g.
5, 47, 137
Let v = 47 - 45. Suppose -v*q = -0*q - 160. What are the prime factors of 500/q + (-1)/4?
2, 3
Let s = 6449 + 16084. What are the prime factors of s?
3, 7, 29, 37
Let c(w) = 60*w**3 + 2*w**2 - 5*w + 1. List the prime factors of c(4).
3853
Let r = 209 - -1133. Let g = -915 + r. What are the prime factors of g?
7, 61
Let k(y) = -y**3 + 9*y**2 - 9*y + 16. Let c be k(8). What are the prime factors of c/44 - 3463/(-11)?
3, 5, 7
Suppose 0 = -8*i + 295 - 55. Suppose 0 = 31*o - i*o - 578. List the prime factors of o.
2, 17
Suppose 286507 = -3859*x + 3872*x. What are the prime factors of x?
22039
Let s(p) = -5*p**3 + p**2 - 2*p - 2. Let h be s(-1). Suppose 4*v - h = -2*j, 0*j = 4*v - 2*j - 10. Suppose -v*m = -95 - 211. What are the prime factors of m?
3, 17
Suppose 5*h + 4*s + 59 = -99, -9 = -3*s. Let q be (-38)/(-34) - (-4)/h. List the prime factors of 3/((((-12)/(-46))/q)/4).
2, 23
Let f = 841 - 839. Suppose -4*u = -6*u + f*n + 3760, -3*n = 5*u - 9360. What are the prime factors of u?
3, 5
Let f(k) = 243*k**3 + 19*k + 98. What are the prime factors of f(7)?
2, 3, 5, 7, 199
Let d = -1569 - -1653. Let k be (-3)/(-12) + (-103)/(-4). Suppose k*m = 29*m - d. What are the prime factors of m?
2, 7
Let l(f) = -2*f - 22. Let n be l(0). What are the prime factors of (1022/(-4))/(-7) + (-11)/n?
37
Suppose 6661 = 5*l - 4*w, l = -w + 3*w + 1337. Suppose 8*c = 5*c - l. Let o = -249 - c. What are the prime factors of o?
2, 97
Let t(q) = -47*q + 3732. List the prime factors of t(73).
7, 43
Suppose -2*n + 3*f = -417, 2*n - 397 = -f - 0*f. Suppose 202*y - n*y = 76. What are the prime factors of y?
2, 19
Suppose q = 2*q - 4*l - 25, 5*q - 4*l - 45 = 0. Suppose r + 4*r - q*f = 2845, 0 = f + 3. What are the prime factors of r?
2, 283
Suppose -4*v + 170 = 4*p - p, -100 = -2*p + 4*v. Let k be p/(-9)*2/(-6). Suppose s + h = 67, -4*s + 3*h = k*h - 273. List the prime factors of s.
2, 17
Suppose -25*m + 34*m = 24633. Suppose m = 5*q + 417. List the prime factors of q.
2, 29
Suppose 2*j - 2*i = -14678, -2*j - 3*i - 7153 - 7545 = 0. What are the prime factors of (1 - j/21)*9/6?
2, 263
Let c = -245 - -224. What are the prime factors of c/(-15) - 61074/(-65)?
941
Let b(d) = d**2 - 55*d + 21 + 3 + 47*d. List the prime factors of b(-15).
3, 41
Let t = 201 + -183. Suppose -4*i = -t*i + 1848. What are the prime factors of i?
2, 3, 11
Let q = 14194 + -6542. What are the prime factors of q?
2, 1913
Suppose p = 5*t - 46, 2*t - 47 = -3*t + 2*p. Suppose v - 10*h - 380 = -t*h, -2*v = 5*h - 725. List the prime factors of v.
3, 5
Suppose 29*y + 6848 - 72765 = 0. What are the prime factors of y?
2273
Let l(z) = 4*z**2 + 34*z - 91. List the prime factors of l(-17).
487
Let z(b) = 4*b**2 + 5*b + 3. Let l be 6/(-4)*(-1)/(9/(-12)). Let w be z(l). Let p(f) = 10*f - 9. List the prime factors of p(w).
3
Let a(x) = 55*x**2 + 9*x - 3. Let l(o) = -o**3 - 27*o**2 - 27*o - 23. Let i be l(-26). What are the prime factors of a(i)?
3, 173
Suppose -4*d + 3 = -v, 108*d = 106*d + 4*v - 2. What are the prime factors of -8 - -9 - d - -1444?
2, 19
Let b be 2/5 - (3 - (-132890)/(-25)). Suppose -b = -20*u + 13*u. List the prime factors of u.
3, 11, 23
Let f(h) = 94*h**2 + 2*h - 3. Let w be f(2). Let c(x) = x**2 + 76*x - 191. Let r be c(0). Let g = r + w. List the prime factors of g.
2, 3, 31
Suppose -2*j - 7 = -2*z + 3, -5 = -3*z - 2*j. Suppose 1565 = z*v - 5*y, y = -v - 191 + 718. List the prime factors of v.
3, 5, 7
Let p be 38 + 0/3 + 2. Let h = 44 - p. Suppose 180 = h*m + 2*m. List the prime factors of m.
2, 3, 5
Let t(f) = -375*f**2 + 11*f. Let h be t(-9). What are the prime factors of (-2)/(-15) + h/(-270)?
113
Let r(v) = -v**3 - v**2 - 26*v - 18. Let n be r(-7). Let h = -222 + n. List the prime factors of h.
2, 59
Suppose -13*n - 2*n = -795. What are the prime factors of (n - 1)*45/10?
2, 3, 13
Suppose 1143 - 81 = 6*k. Let r = 50 + k. What are the prime factors of r?
227
Let o be 126 + -1 - (-10 + 7). Suppose -r - 4*h + 114 = -o, 3*h = -r + 239. List the prime factors of r.
2, 5, 23
Suppose -23*l + 125 = 2*l. Let y(d) = -8 - 3*d + d**2 - d + 4*d**2. What are the prime factors of y(l)?
97
Suppose -34654 = -4*f + k, 5*f - 8*k - 33066 = 10265. List the prime factors of f.
8663
Let l(m) = 10*m + 15. Let z be l(-5). Let d = 34 + z. What are the prime factors of -3 - d - (-36 + -20)?
2, 3
Suppose 0*q + 2*q = -3*a + 197, 5*q = 4*a + 550. Suppose 10*r - 11*r - 3*y = -q, r - 91 = 2*y. What are the prime factors of r?
97
What are the prime factors of 0 + 34671 + -11 + 2 + 6?
2, 3, 107
Suppose 42*h = 33*h + 4797. Suppose -h = -3*d - 2*d + 2*p, -5*p - 20 = 0. List the prime factors of d.
3, 5, 7
Suppose -260*i + 4*g = -261*i + 63664, -3*g = -4*i + 254542. List the prime factors of i.
2, 5, 37, 43
Let x be (39/(-6))/((-8)/(-16)). Let k(w) = 3*w**3 + 39*w**2 - 3*w - 15. List the prime factors of k(x).
2, 3
Let d(x) = -x**2 + 3*x - 4. Let p be d(-11). Let h be p/(-2) + 1 + 0. Suppose 4*u - 3*u - h = -5*s, -s = 2*u - 196. List the prime factors of u.
2, 5
Let r(u) = -2*u**2 + 19*u - 38. Let i(d) = -3*d - 7. Let j be i(-8). Let m be r(j). Let z = m + 514. What are the prime factors of z?
13, 17
Let h(o) = o**3 + 16*o**2 + 8*o - 10. Let t be 2 - ((-8)/(-1))/((-12)/(-24)). What are the prime factors of h(t)?
2, 3, 5
Let m(f) = -19448*f + 3402. List the prime factors of m(-4).
2, 40597
Let d(t) = t - 3. Let j be d(2). Let m be j/(-7) - 500/(-28). Suppose m*i = 13*i + 1110. List the prime factors of i.
2, 3, 37
Suppose -7*l + 0 = -189. Suppose -4*b = -9 - l. Suppose -b*k + 295 = -4*k. List the prime factors of k.
59
Suppose 0 = 5*x - 0*x - 390. Suppose 2*z - 2*k = 16, -z = 3*k + 7 - 19. Suppose z*w + x = 960. What are the prime factors of w?
2, 7
Let t(x) = -2*x + 3 + 26*x - x**3 - 30*x**2 + 40*x**2. Let h be t(12). Suppose 2*p = 4*v + 100, -142 = 5*p - h*v - 371. List the prime factors of p.
2, 11
Let s(t) = 84*t**2 - 424*t - 12. What are the prime factors of s(11)?
2, 7
Suppose -18*m + 2577 = -771. List the prime factors of m.
2, 3, 31
Suppose -2*r = 5*h - 24, 5 + 7 = h + 4*r. Suppose -1059 = 2*z - 6*z + 3*p, h*z + p = 1039. List the prime factors of z.
3, 29
Suppose -x = -6*x + 275. Let c = 355 - 379. Let q = x - c. What are the prime factors of q?
79
Let d(w) = 7*w**3 + 5*w**2 - 12*w + 21. What are the prime factors of d(7)?
3, 7, 41
Let l(k) = 8674*k + 47. List the prime factors of l(1).
3, 17, 19
Let h(t) = t**2 + t + t + 6*t**3 - t + t + 2. Let z be h(-1). Let u(d) = d**3 + 7*d**2 + 3*d - 4. List the prime factors of u(z).
31
Let o = 646 - 365. Let p = o - 160. List the prime factors of p.
11
List the prime factors of ((-27)/81)/(1 - (680912/136182 - 4)).
22697
Suppose 1196976 = -161*n + 249*